t y be h(-6). Let w = -4 + y. What is the greatest common factor of w and 28?
4
Let y = 19 + 7. Suppose -5*k + 10 = 0, k - 23 = -5*j + 4. Suppose 2*b - 4*z - 150 = 0, -4*b + 0*z = -j*z - 285. What is the greatest common divisor of y and b?
13
Let z(a) = a**3 + 7*a**2 - 9*a - 2. Let j be z(-8). Let q(f) = f**3 - 6*f**2 + f - 2. Let n be q(j). What is the highest common factor of n and 4?
4
Suppose -4*q - 32 = -5*s + 27, 5*q - 6 = -s. Suppose -5*x = -0*x - 220. Calculate the highest common factor of x and s.
11
Let h = -12 + 25. Suppose 2*i - 4*m = 104, 69 + 191 = 5*i + m. What is the highest common factor of h and i?
13
Let z be (-98)/(-35)*10/4. Let h be z - 4/(16/12). What is the greatest common factor of h and 4?
4
Let b be 1 - 3*(-3)/(-9). Let j be (-266 + b)*(-2)/4. Suppose -28 = 5*f - j. What is the greatest common divisor of 21 and f?
21
Let x(k) = -k**3 + 9*k**2 - k - 7. Let w be x(6). Let p(o) = o**3 - 2*o**2 - 4*o + 3. Let z be p(4). What is the highest common factor of w and z?
19
Let m = 23 + 1. Let h = 115 - 103. What is the highest common divisor of m and h?
12
Let g = -5 - -7. Suppose g*p + 0*p = 0. Suppose p*j + 2*j - 36 = 0. Calculate the greatest common divisor of j and 18.
18
Let k = -25 + 27. Calculate the highest common factor of k and 22.
2
Let k be 0 + 3/1 + 1. What is the highest common factor of k and 4?
4
Suppose 5*b = -10 + 35. Suppose -77 = -b*i + 73. Suppose 0 = -5*q - 38 + 113. Calculate the highest common divisor of i and q.
15
Let k be (-2 - (0 - 0))/2. Let i(f) = 52*f**2 - 2*f - 2. Let a be i(k). Calculate the highest common divisor of 13 and a.
13
Let b(i) = -i**2 - 11*i + 3*i - 6 - 6*i**2 - i**3 - i**2. Let c be b(-7). What is the greatest common divisor of 1 and c?
1
Let f(s) be the third derivative of -s**6/120 - 7*s**5/60 + s**4/4 - 7*s**3/6 + s**2. Let b be f(-8). Calculate the highest common divisor of b and 27.
9
Let b be (-3)/4 + (-70)/(-8). What is the greatest common divisor of 12 and b?
4
Let h = -1 + 0. Let y be ((-2)/6)/(h/3). Let f be (-4 + 6)/(-2 - -4). Calculate the highest common divisor of f and y.
1
Let q(y) = -56*y + 1. Let x be q(-1). Let f = x - 37. What is the greatest common factor of f and 20?
20
Let h(p) = -3*p + 85. Let y be h(-25). Calculate the highest common divisor of 20 and y.
20
Suppose 152 = 3*k - 2*t, t = -k - k + 92. Let o be 2 + -2 - (0 - 38). Suppose 14 = -3*b + o. What is the greatest common factor of b and k?
8
Suppose -v = -17 - 12. Let m = v + -5. What is the highest common factor of m and 216?
24
Let w be (-2)/(-4)*(-22)/(-1). Let v = w - 4. Suppose -11*t = -15*t + 224. Calculate the highest common divisor of v and t.
7
Let n = -47 - -60. What is the highest common factor of 117 and n?
13
Let y(x) = -x**2 + x**2 - 2*x + 2*x**2. Let q be y(-2). Let n be 27/6*(-12)/(-9). Calculate the highest common factor of q and n.
6
Let u = -17 + 20. Let z be -5*(4/4 - u). Calculate the highest common factor of 40 and z.
10
Let c = -6 + 13. Let p be (-2)/c + 2280/42. Calculate the greatest common factor of p and 36.
18
Suppose -4*g + 195 = -9. Suppose 26 = 2*j - 42. What is the greatest common factor of j and g?
17
Suppose q = 2 + 3. What is the highest common factor of 5 and q?
5
Suppose -70 = 8*s - 3*s. Suppose 0 = -5*u + 10, 0 = -0*h - 3*h + u + 61. Let v = h + s. What is the highest common factor of v and 35?
7
Suppose 2*c + 14 = 3*q - 9, 5*q - 33 = -2*c. Let f(d) = 25*d - 7. Let s be f(q). What is the greatest common divisor of 24 and s?
24
Let c(n) = -7*n + 3. Let w be c(-3). Suppose 3*z = 5*s - 52, -4*z = -s - s + 32. What is the highest common divisor of w and s?
8
Let v(o) = -o**2 - 9*o. Let q be v(-4). Let y be (0 - 1)/((-2)/(-16)). Let h = y + q. What is the highest common divisor of 48 and h?
12
Suppose 2*l - 16 = -0*l. Let k(q) = 10 + 0*q**2 - q**2 - 2*q - 2*q + 2*q**2. Let h be k(l). What is the highest common divisor of h and 7?
7
Suppose 0 = 3*q + 2*z - 186 + 64, -5*z - 178 = -4*q. Calculate the highest common factor of q and 105.
21
Let h be (21/6)/(-7)*-52. Let t be (0 - -26)*1/2. Calculate the greatest common divisor of h and t.
13
Suppose 2*k - 10 = -2*j, -3*k - 5*j = -7*k + 11. Suppose -k*r + 2 + 38 = -u, u = -4. Calculate the greatest common factor of r and 1.
1
Let m be 5/(-3 + 14/4). What is the greatest common factor of m and 20?
10
Suppose 9*d = 4*d + 20. Suppose -y + 349 + 5 = -4*r, d*r + 362 = -3*y. Let j be (-4)/2 - -3 - r. What is the greatest common divisor of j and 10?
10
Suppose 2*r - 4*h + 14 = -0*h, -3*r - 2*h = -11. What is the highest common factor of r and 3?
1
Suppose g = 1, 0*l - 324 = -5*l + g. Let y = l - 33. Let t = 38 + 10. What is the highest common divisor of y and t?
16
Suppose 2*v + 3*v = 10. Let m = -13 + 20. Suppose 0 = -3*h + 5*c + m, -h + 5*c - 1 = -0. Calculate the greatest common divisor of v and h.
2
Suppose 4*n + 10 = w, -2*n = 3*w - 7*n - 30. Let u be 235/w + 1/2. Calculate the greatest common factor of 4 and u.
4
Suppose 3*l - 4*g = 20 + 138, g - 98 = -2*l. What is the greatest common factor of l and 40?
10
Let o be (4/4)/((-1)/(-3)). Suppose -3*a + o = -6. What is the greatest common factor of 12 and a?
3
Let v(a) = a**2 + 11*a - 32. Let b be v(-15). Calculate the greatest common divisor of 7 and b.
7
Suppose -v - 4*g - 22 = 0, 158 = -4*v - 4*g + 2*g. Let q be v/(-4)*(-160)/(-15). Let d be ((-28)/10)/(2/(-10)). Calculate the highest common divisor of q and d.
14
Suppose -5*j = -2*f + 14, 0*f - j - 10 = -f. Suppose 0 = -3*l + 5*l + 2. Let t = l + 5. Calculate the highest common divisor of f and t.
4
Let j = 24 + -17. What is the highest common divisor of j and 14?
7
Let f be 21/14*16/6. Let s(a) = a**3 - 9*a**2 - 11*a + 4. Let w be s(10). Let u = w - -12. What is the highest common divisor of u and f?
2
Suppose 0*n = -n. Suppose 2*a - 4*a + 236 = n. Let q = -74 + a. What is the highest common divisor of 11 and q?
11
Suppose r + 190 = 2*r. Suppose -3*k - r = -8*k. Let o(y) = -19*y. Let d be o(-3). What is the greatest common divisor of k and d?
19
Suppose -70 = -124*t + 122*t. Calculate the greatest common divisor of t and 21.
7
Let n(h) = h**2 + 13. Let q be n(0). What is the highest common factor of q and 169?
13
Suppose 3*k + 7 = -z, -2*z + z + 5*k - 15 = 0. Let i be (1 + -3)*15/z. What is the greatest common factor of i and 3?
3
Let v(c) = c**3 - 13*c**2 + 4*c - 28. Let m be v(13). What is the greatest common factor of m and 6?
6
Suppose 3*z - 4*d = 48, -z = -5*z + 2*d + 54. Calculate the highest common divisor of z and 60.
12
Suppose 5*g + 5*x - 16 - 14 = 0, 0 = 3*g + 5*x - 24. What is the greatest common divisor of 15 and g?
3
Let j(h) be the second derivative of h**3/6 + h**2/2 - 3*h. Let o be j(4). Let s be 0 - -2 - -3*1. Calculate the greatest common divisor of s and o.
5
Let s(j) = -j**3 - j**2 + 1. Let o(c) = -3*c**3 - 11*c**2 + 6*c + 8. Let u(q) = -o(q) + 4*s(q). Let y be u(5). Calculate the highest common factor of 40 and y.
8
Suppose 5*m - 47 = 28. Let a be ((-42)/m)/((-2)/10). Calculate the greatest common factor of a and 42.
14
Let l be ((-6)/(-8))/((-2)/(-8)). Suppose 4 = o + q - 8, l*o + 4*q - 36 = 0. Let a be (-3)/(1/(-36)*1). What is the greatest common divisor of o and a?
12
Let n be (20 - (0 + -3 - -5))/1. What is the highest common divisor of 126 and n?
18
Let q(w) = -w**3 + 7*w**2 - 5*w + 2. Let d be q(5). Let h = d + -14. Let c = 21 - h. Calculate the highest common factor of c and 24.
8
Suppose -3*p + 12 = 0, 5*j - 195 = -6*p + p. What is the highest common factor of 5 and j?
5
Suppose 70 - 15 = 5*g. Let k(o) = -o**2 + 14*o - 12. Let z be k(g). Calculate the highest common divisor of z and 84.
21
Let j = 102 + -30. Calculate the greatest common factor of j and 27.
9
Let d(j) = j**2 - 4 - 3*j + 5*j**2 + 6 - 5*j**2. Let t be d(11). Calculate the highest common divisor of 18 and t.
18
Let g = -1023 + 1489. Suppose 2*k + b - g = -3*b, 1105 = 5*k - 5*b. What is the highest common factor of 25 and k?
25
Let p(z) = z**3 - 4*z**2 + z - 3. Let g(q) = q + 10. Let i be g(-8). Suppose 12 = i*t + t. Let a be p(t). What is the highest common factor of 3 and a?
1
Suppose 2*i - i - 5 = 0. Suppose l - i - 10 = 0. Calculate the highest common divisor of l and 105.
15
Let w(s) = -5*s**2 - 10*s. Let t be w(-7). Let o